 the tens digit of 225?
2
What is the ten thousands digit of 11258?
1
What is the thousands digit of 2361?
2
What is the tens digit of 9704?
0
What is the ten thousands digit of 187193?
8
What is the units digit of 211?
1
What is the thousands digit of 25580?
5
What is the units digit of 506?
6
What is the hundreds digit of 58035?
0
What is the units digit of 2079?
9
What is the hundred thousands digit of 109542?
1
What is the units digit of 55493?
3
What is the tens digit of 2365?
6
What is the tens digit of 761?
6
What is the tens digit of 47848?
4
What is the thousands digit of 8004?
8
What is the units digit of 17329?
9
What is the tens digit of 23617?
1
What is the thousands digit of 4914?
4
What is the hundreds digit of 68368?
3
What is the hundreds digit of 2180?
1
What is the tens digit of 4107?
0
What is the hundreds digit of 133258?
2
What is the units digit of 4398?
8
What is the units digit of 7817?
7
What is the units digit of 89730?
0
What is the thousands digit of 1398?
1
What is the hundreds digit of 8695?
6
What is the tens digit of 188?
8
What is the units digit of 101?
1
What is the hundreds digit of 1041?
0
What is the hundreds digit of 417?
4
What is the tens digit of 1047?
4
What is the tens digit of 6482?
8
What is the hundreds digit of 18159?
1
What is the thousands digit of 16876?
6
What is the ten thousands digit of 26776?
2
What is the units digit of 13396?
6
What is the units digit of 14166?
6
What is the units digit of 388?
8
What is the units digit of 8245?
5
What is the units digit of 50?
0
What is the thousands digit of 33809?
3
What is the hundreds digit of 43318?
3
What is the thousands digit of 1511?
1
What is the thousands digit of 18249?
8
What is the units digit of 512?
2
What is the units digit of 4106?
6
What is the hundreds digit of 1102?
1
What is the thousands digit of 2182?
2
What is the thousands digit of 1489?
1
What is the tens digit of 6757?
5
What is the thousands digit of 7389?
7
What is the hundreds digit of 6918?
9
What is the thousands digit of 1049?
1
What is the hundreds digit of 14545?
5
What is the hundreds digit of 445?
4
What is the units digit of 868?
8
What is the units digit of 775?
5
What is the tens digit of 26927?
2
What is the tens digit of 17?
1
What is the thousands digit of 15017?
5
What is the tens digit of 75655?
5
What is the thousands digit of 25648?
5
What is the tens digit of 3228?
2
What is the tens digit of 7607?
0
What is the units digit of 1454?
4
What is the ten thousands digit of 12470?
1
What is the tens digit of 25315?
1
What is the thousands digit of 39525?
9
What is the tens digit of 378?
7
What is the units digit of 53235?
5
What is the units digit of 5110?
0
What is the units digit of 20830?
0
What is the hundreds digit of 2376?
3
What is the units digit of 3049?
9
What is the units digit of 10440?
0
What is the ten thousands digit of 19260?
1
What is the hundreds digit of 15720?
7
What is the units digit of 87275?
5
What is the hundreds digit of 19727?
7
What is the thousands digit of 49148?
9
What is the tens digit of 260?
6
What is the tens digit of 18878?
7
What is the units digit of 361?
1
What is the tens digit of 468?
6
What is the hundreds digit of 271?
2
What is the ten thousands digit of 10227?
1
What is the units digit of 3407?
7
What is the tens digit of 522?
2
What is the hundreds digit of 16226?
2
What is the ten thousands digit of 10832?
1
What is the tens digit of 2041?
4
What is the hundreds digit of 847?
8
What is the hundreds digit of 1739?
7
What is the tens digit of 6717?
1
What is the hundred thousands digit of 135709?
1
What is the hundreds digit of 83946?
9
What is the hundreds digit of 1306?
3
What is the units digit of 858?
8
What is the tens digit of 4287?
8
What is the thousands digit of 1292?
1
What is the tens digit of 6808?
0
What is the hundreds digit of 6374?
3
What is the hundreds digit of 10234?
2
What is the units digit of 993?
3
What is the units digit of 1271?
1
What is the units digit of 76444?
4
What is the thousands digit of 1315?
1
What is the tens digit of 398?
9
What is the tens digit of 23602?
0
What is the hundreds digit of 44118?
1
What is the tens digit of 21958?
5
What is the thousands digit of 2936?
2
What is the ten thousands digit of 128296?
2
What is the units digit of 11695?
5
What is the thousands digit of 2084?
2
What is the thousands digit of 45629?
5
What is the thousands digit of 89412?
9
What is the units digit of 8982?
2
What is the tens digit of 18148?
4
What is the tens digit of 17796?
9
What is the ten thousands digit of 15191?
1
What is the hundreds digit of 100024?
0
What is the ten thousands digit of 166851?
6
What is the hundreds digit of 337?
3
What is the units digit of 34990?
0
What is the tens digit of 5165?
6
What is the tens digit of 4731?
3
What is the tens digit of 16214?
1
What is the hundreds digit of 11332?
3
What is the units digit of 44109?
9
What is the tens digit of 7140?
4
What is the thousands digit of 23947?
3
What is the ten thousands digit of 14101?
1
What is the units digit of 3467?
7
What is the thousands digit of 117585?
7
What is the thousands digit of 11959?
1
What is the thousands digit of 36771?
6
What is the hundreds digit of 974?
9
What is the tens digit of 5088?
8
What is the hundreds digit of 1489?
4
What is the ten thousands digit of 62748?
6
What is the hundreds digit of 499?
4
What is the hundreds digit of 883?
8
What is the tens digit of 608?
0
What is the hundreds digit of 478?
4
What is the units digit of 634?
4
What is the thousands digit of 1611?
1
What is the units digit of 1676?
6
What is the tens digit of 9474?
7
What is the units digit of 700?
0
What is the tens digit of 191?
9
What is the units digit of 20440?
0
What is the hundreds digit of 7071?
0
What is the units digit of 6699?
9
What is the hundreds digit of 5998?
9
What is the thousands digit of 80321?
0
What is the tens digit of 9416?
1
What is the tens digit of 805?
0
What is the tens digit of 11765?
6
What is the ten thousands digit of 10667?
1
What is the units digit of 3191?
1
What is the thousands digit of 2168?
2
What is the thousands digit of 1231?
1
What is the units digit of 131?
1
What is the ten thousands digit of 21208?
2
What is the hundreds digit of 5186?
1
What is the thousands digit of 11087?
1
What is the hundreds digit of 19443?
4
What is the tens digit of 51572?
7
What is the units digit of 30252?
2
What is the hundreds digit of 40534?
5
What is the tens digit of 28209?
0
What is the thousands digit of 3445?
3
What is the units digit of 83038?
8
What is the units digit of 1458?
8
What is the thousands digit of 5314?
5
What is the tens digit of 153?
5
What is the units digit of 23594?
4
What is the hundreds digit of 9141?
1
What is the units digit of 737?
7
What is the units digit of 12759?
9
What is the hundreds digit of 80803?
8
What is the tens digit of 5911?
1
What is the hundreds digit of 58751?
7
What is the ten thousands digit of 15364?
1
What is the hundreds digit of 825?
8
What is the hundreds digit of 19474?
4
What is the hundreds digit of 22178?
1
What is the tens digit of 8446?
4
What is the units digit of 87300?
0
What is the thousands digit of 43464?
3
What is the hundreds digit of 746?
7
What is the thousands digit of 24296?
4
What is the units digit of 3559?
9
What is the tens digit of 10196?
9
What is the hundreds digit of 30244?
2
What is the tens digit of 993?
9
What is the hundreds digit of 2893?
8
What is the units digit of 491?
1
What is the hundreds digit of 3459?
4
What is the tens digit of 1498?
9
What is the hundreds digit of 8987?
9
What is the tens digit of 579?
7
What is the units digit of 339?
9
What is the hundreds digit of 51393?
3
What is the hundreds digit of 261?
2
What is the tens digit of 236?
3
What is the hundreds digit of 10621?
6
What is the ten thousands digit of 13153?
1
What is the hundreds digit of 5247?
2
What is the thousands digit of 1493?
1
What is the tens digit of 9489?
8
What is the units digit of 215?
5
What is the units digit of 8490?
0
What is the units digit of 97773?
3
What is the tens digit of 2559?
5
What is the thousands digit of 4185?
4
What is the hundreds digit of 1001?
0
What is the tens digit of 87?
8
Wha